 and 131616.
457
Calculate the greatest common factor of 366 and 7188423.
183
Calculate the greatest common divisor of 26386 and 158.
158
What is the highest common divisor of 207 and 3818?
23
Calculate the highest common factor of 432453 and 21.
21
Calculate the highest common factor of 438 and 1626.
6
What is the greatest common divisor of 1321820 and 215?
215
Calculate the greatest common factor of 979 and 11957.
11
What is the highest common factor of 29 and 282170?
29
Calculate the highest common divisor of 460 and 2560.
20
What is the highest common divisor of 792498 and 42?
42
What is the greatest common divisor of 20 and 14235850?
10
Calculate the greatest common factor of 16629 and 9399.
723
Calculate the highest common divisor of 148 and 787286.
74
Calculate the greatest common factor of 10542 and 917.
7
Calculate the highest common divisor of 75 and 59910.
15
What is the greatest common factor of 381717 and 2905?
581
Calculate the greatest common divisor of 636944 and 77.
77
What is the highest common factor of 7542 and 9342?
18
Calculate the highest common divisor of 15575 and 127225.
175
Calculate the highest common divisor of 155 and 6882.
31
What is the greatest common factor of 695596 and 11?
11
Calculate the highest common factor of 1214475 and 75.
75
What is the highest common factor of 3275750 and 40?
10
Calculate the greatest common factor of 869 and 319.
11
What is the greatest common divisor of 27 and 8897148?
27
What is the highest common divisor of 747 and 10026?
9
Calculate the highest common divisor of 19808 and 64.
32
What is the highest common divisor of 5451 and 161322?
69
Calculate the greatest common divisor of 387 and 5028291.
387
Calculate the highest common divisor of 432 and 8451.
27
Calculate the highest common divisor of 106 and 46.
2
What is the highest common factor of 261 and 168867?
261
What is the greatest common factor of 6442 and 12?
2
What is the greatest common factor of 3890 and 2370?
10
Calculate the highest common factor of 69550 and 10.
10
Calculate the greatest common divisor of 41219 and 376.
47
Calculate the highest common factor of 5170 and 30635.
55
Calculate the highest common factor of 2850 and 351120.
570
Calculate the highest common factor of 1436 and 203194.
718
Calculate the greatest common factor of 32241 and 99.
33
What is the greatest common divisor of 132 and 120813?
33
Calculate the highest common factor of 72 and 417402.
18
What is the greatest common divisor of 126 and 145026?
126
Calculate the highest common divisor of 187 and 10021.
11
What is the highest common factor of 205 and 81385?
205
Calculate the greatest common divisor of 356843 and 1027.
79
Calculate the greatest common factor of 65 and 51895.
5
What is the greatest common factor of 36 and 36116?
4
What is the greatest common divisor of 1090 and 1914585?
545
What is the highest common divisor of 42218 and 66?
22
What is the greatest common factor of 7480 and 255?
85
What is the highest common divisor of 212773 and 1012?
253
What is the greatest common divisor of 205 and 1271?
41
Calculate the highest common factor of 9448 and 26.
2
What is the highest common divisor of 3274934 and 13?
13
What is the highest common factor of 169 and 2756?
13
What is the greatest common divisor of 12753 and 3159?
117
Calculate the highest common factor of 303030 and 37.
37
What is the greatest common factor of 7689011 and 11?
11
What is the highest common factor of 254664 and 5589?
243
Calculate the greatest common divisor of 116 and 569.
1
Calculate the greatest common divisor of 1604 and 4986836.
1604
What is the greatest common factor of 58300 and 3450?
50
Calculate the greatest common divisor of 15414 and 1099.
7
What is the highest common divisor of 15075 and 268?
67
What is the greatest common divisor of 25840 and 1868080?
1520
Calculate the highest common divisor of 12768 and 2472.
24
Calculate the highest common divisor of 32208 and 39894.
366
Calculate the highest common divisor of 1971 and 7373.
73
What is the highest common factor of 170 and 40936?
34
Calculate the highest common divisor of 48314 and 1479.
493
Calculate the highest common factor of 24 and 291636.
12
Calculate the greatest common factor of 55 and 112838.
11
What is the highest common factor of 531 and 272580?
177
Calculate the greatest common factor of 1493 and 4.
1
What is the greatest common factor of 52136 and 40166?
266
Calculate the greatest common divisor of 143209 and 66.
11
Calculate the greatest common divisor of 48 and 2571528.
24
Calculate the highest common factor of 47 and 63873.
47
Calculate the highest common factor of 240 and 13260.
60
What is the highest common factor of 988805 and 340?
85
Calculate the greatest common factor of 14060 and 40.
20
What is the highest common factor of 65094 and 76?
38
What is the highest common factor of 752 and 3232?
16
Calculate the greatest common factor of 2185 and 8607.
19
Calculate the greatest common divisor of 996 and 187580.
332
What is the greatest common factor of 18 and 1970199?
9
What is the highest common factor of 5815 and 80?
5
Calculate the greatest common factor of 86 and 26531.
43
Calculate the greatest common factor of 776790 and 273.
21
What is the greatest common factor of 244 and 5185?
61
What is the highest common factor of 182 and 1340612?
182
What is the greatest common factor of 380 and 9766?
38
What is the greatest common factor of 583 and 148401?
11
Calculate the highest common factor of 362677 and 9653.
1379
What is the highest common factor of 1 and 22783?
1
What is the highest common factor of 1271 and 14632?
31
What is the greatest common divisor of 86944 and 2002?
286
Calculate the greatest common factor of 313944 and 216.
24
What is the highest common factor of 1066 and 164?
82
What is the greatest common divisor of 408 and 684?
12
What is the greatest common factor of 105 and 15525?
15
Calculate the greatest common divisor of 8677128 and 1464.
1464
What is the highest common divisor of 8001 and 3937?
127
Calculate the greatest common factor of 635819 and 206.
103
Calculate the highest common divisor of 944 and 962408.
472
What is the greatest common factor of 1881 and 4807?
209
Calculate the greatest common divisor of 52188 and 24.
12
What is the highest common divisor of 507 and 543673?
169
What is the greatest common factor of 26246 and 198?
22
What is the greatest common factor of 528 and 19569?
33
What is the highest common divisor of 48307 and 7035?
469
Calculate the greatest common factor of 384 and 123776.
128
Calculate the greatest common divisor of 80 and 426460.
20
Calculate the greatest common factor of 18 and 1856.
2
What is the highest common divisor of 14 and 403438?
14
Calculate the highest common factor of 3875 and 20675.
25
Calculate the highest common factor of 23644 and 6854.
46
What is the greatest common factor of 368 and 43884?
92
What is the greatest common factor of 7601 and 253?
11
Calculate the greatest common divisor of 1047 and 1296535.
349
Calculate the highest common factor of 77535 and 90.
45
Calculate the greatest common factor of 310625 and 175.
175
Calculate the highest common factor of 387489 and 15.
3
What is the greatest common factor of 53044 and 3278?
298
What is the greatest common factor of 6929 and 10537?
41
What is the greatest common factor of 99921 and 285?
57
What is the greatest common factor of 424 and 14946?
106
What is the highest common factor of 265 and 299821?
53
Calculate the greatest common divisor of 20 and 609020.
20
What is the highest common divisor of 5875 and 675?
25
Calculate the highest common factor of 8254 and 2.
2
Calculate the greatest common factor of 784 and 711872.
784
What is the greatest common divisor of 8 and 61144?
8
Calculate the highest common factor of 306790 and 176.
22
Calculate the highest common factor of 158250 and 1125.
375
Calculate the highest common divisor of 66 and 8613.
33
What is the highest common factor of 4830 and 30660?
210
Calculate the greatest common divisor of 12239 and 2.
1
Calculate the greatest common factor of 12559 and 608.
19
Calculate the greatest common divisor of 198434 and 47.
47
What is the greatest common factor of 23820 and 740008?
1588
What is the highest com